{"id":56,"date":"2021-09-03T07:35:24","date_gmt":"2021-09-03T05:35:24","guid":{"rendered":"http:\/\/momentswedding.hu\/?page_id=56"},"modified":"2021-09-07T13:07:12","modified_gmt":"2021-09-07T11:07:12","slug":"lanykeres","status":"publish","type":"page","link":"https:\/\/momentswedding.hu\/index.php\/lanykeres\/","title":{"rendered":"L\u00e1nyk\u00e9r\u00e9s"},"content":{"rendered":"\t\t<div data-elementor-type=\"wp-page\" data-elementor-id=\"56\" class=\"elementor elementor-56\" data-elementor-settings=\"[]\">\n\t\t\t\t\t\t\t<div class=\"elementor-section-wrap\">\n\t\t\t\t\t\t\t<section class=\"elementor-section elementor-top-section elementor-element elementor-element-5a2b0ba3 elementor-section-boxed elementor-section-height-default elementor-section-height-default\" data-id=\"5a2b0ba3\" data-element_type=\"section\" data-settings=\"{&quot;background_background&quot;:&quot;classic&quot;}\">\n\t\t\t\t\t\t<div class=\"elementor-container elementor-column-gap-default\">\n\t\t\t\t\t<div class=\"elementor-column elementor-col-100 elementor-top-column elementor-element elementor-element-7e9d603d\" data-id=\"7e9d603d\" data-element_type=\"column\">\n\t\t\t<div class=\"elementor-widget-wrap elementor-element-populated\">\n\t\t\t\t\t\t\t\t<div class=\"elementor-element elementor-element-72cb1c1f elementor-widget elementor-widget-text-editor\" data-id=\"72cb1c1f\" data-element_type=\"widget\" data-widget_type=\"text-editor.default\">\n\t\t\t\t<div class=\"elementor-widget-container\">\n\t\t\t<style>\/*! elementor - v3.5.3 - 28-12-2021 *\/\n.elementor-widget-text-editor.elementor-drop-cap-view-stacked .elementor-drop-cap{background-color:#818a91;color:#fff}.elementor-widget-text-editor.elementor-drop-cap-view-framed .elementor-drop-cap{color:#818a91;border:3px solid;background-color:transparent}.elementor-widget-text-editor:not(.elementor-drop-cap-view-default) .elementor-drop-cap{margin-top:8px}.elementor-widget-text-editor:not(.elementor-drop-cap-view-default) .elementor-drop-cap-letter{width:1em;height:1em}.elementor-widget-text-editor .elementor-drop-cap{float:left;text-align:center;line-height:1;font-size:50px}.elementor-widget-text-editor .elementor-drop-cap-letter{display:inline-block}<\/style>\t\t\t\t<p>pulvinar dapibus leo.<\/p>\t\t\t\t\t\t<\/div>\n\t\t\t\t<\/div>\n\t\t\t\t<div class=\"elementor-element elementor-element-7d4fe1ca elementor-widget elementor-widget-heading\" data-id=\"7d4fe1ca\" data-element_type=\"widget\" data-widget_type=\"heading.default\">\n\t\t\t\t<div class=\"elementor-widget-container\">\n\t\t\t<style>\/*! elementor - v3.5.3 - 28-12-2021 *\/\n.elementor-heading-title{padding:0;margin:0;line-height:1}.elementor-widget-heading .elementor-heading-title[class*=elementor-size-]>a{color:inherit;font-size:inherit;line-height:inherit}.elementor-widget-heading .elementor-heading-title.elementor-size-small{font-size:15px}.elementor-widget-heading .elementor-heading-title.elementor-size-medium{font-size:19px}.elementor-widget-heading .elementor-heading-title.elementor-size-large{font-size:29px}.elementor-widget-heading .elementor-heading-title.elementor-size-xl{font-size:39px}.elementor-widget-heading .elementor-heading-title.elementor-size-xxl{font-size:59px}<\/style><h2 class=\"elementor-heading-title elementor-size-default\">L\u00e1nyk\u00e9r\u00e9s portf\u00f3li\u00f3nk<\/h2>\t\t<\/div>\n\t\t\t\t<\/div>\n\t\t\t\t<div class=\"elementor-element elementor-element-2dc3eb02 elementor-widget elementor-widget-text-editor\" data-id=\"2dc3eb02\" data-element_type=\"widget\" data-widget_type=\"text-editor.default\">\n\t\t\t\t<div class=\"elementor-widget-container\">\n\t\t\t\t\t\t\t<p>Lorem ipsum dolor sit amet, consectetur adipiscing elit. Ut elit tellus, luctus nec.Lorem ipsum dolor sit amet, consectetur adipiscing elit. Ut elit tellus, luctus nec.Lorem ipsum dolor sit amet, consectetur adipiscing elit. Ut elit tellus, luctus nec.Lorem ipsum dolor sit amet, consectetur adipiscing elit. Ut elit tellus, luctus nec.Lorem ipsum dolor sit amet, consectetur adipiscing elit. Ut elit tellus, luctus nec.<\/p>\t\t\t\t\t\t<\/div>\n\t\t\t\t<\/div>\n\t\t\t\t<div class=\"elementor-element elementor-element-ff890bc elementor-aspect-ratio-169 elementor-widget elementor-widget-video\" data-id=\"ff890bc\" data-element_type=\"widget\" data-settings=\"{&quot;youtube_url&quot;:&quot;https:\\\/\\\/youtu.be\\\/xhst9hHHfHM&quot;,&quot;video_type&quot;:&quot;youtube&quot;,&quot;controls&quot;:&quot;yes&quot;,&quot;aspect_ratio&quot;:&quot;169&quot;}\" data-widget_type=\"video.default\">\n\t\t\t\t<div class=\"elementor-widget-container\">\n\t\t\t<style>\/*! elementor - v3.5.3 - 28-12-2021 *\/\n.elementor-widget-video .elementor-widget-container{overflow:hidden;-webkit-transform:translateZ(0);transform:translateZ(0)}.elementor-widget-video .elementor-open-inline .elementor-custom-embed-image-overlay{position:absolute;top:0;left:0;width:100%;height:100%;-webkit-background-size:cover;background-size:cover;background-position:50%}.elementor-widget-video .elementor-custom-embed-image-overlay{cursor:pointer;text-align:center}.elementor-widget-video .elementor-custom-embed-image-overlay:hover .elementor-custom-embed-play i{opacity:1}.elementor-widget-video .elementor-custom-embed-image-overlay img{display:block;width:100%}.elementor-widget-video .e-hosted-video .elementor-video{-o-object-fit:cover;object-fit:cover}<\/style>\t\t<div class=\"elementor-wrapper elementor-fit-aspect-ratio elementor-open-inline\">\n\t\t\t<div class=\"elementor-video\"><\/div>\t\t<\/div>\n\t\t\t\t<\/div>\n\t\t\t\t<\/div>\n\t\t\t\t<div class=\"elementor-element elementor-element-30d3251 elementor-widget elementor-widget-text-editor\" data-id=\"30d3251\" data-element_type=\"widget\" data-widget_type=\"text-editor.default\">\n\t\t\t\t<div class=\"elementor-widget-container\">\n\t\t\t\t\t\t\t<p>rejtett kamer\u00e1s L\u00e1nyk\u00e9r\u00e9s 2021 | Pusztaz\u00e1mor<\/p>\t\t\t\t\t\t<\/div>\n\t\t\t\t<\/div>\n\t\t\t\t<div class=\"elementor-element elementor-element-587f683e gallery-spacing-custom elementor-widget elementor-widget-image-gallery\" data-id=\"587f683e\" data-element_type=\"widget\" data-widget_type=\"image-gallery.default\">\n\t\t\t\t<div class=\"elementor-widget-container\">\n\t\t\t<style>\/*! elementor - v3.5.3 - 28-12-2021 *\/\n.elementor-image-gallery .gallery-item{display:inline-block;text-align:center;vertical-align:top;width:100%;max-width:100%;margin:0 auto}.elementor-image-gallery .gallery-item img{margin:0 auto}.elementor-image-gallery .gallery-item .gallery-caption{margin:0}.elementor-image-gallery figure img{display:block}.elementor-image-gallery figure figcaption{width:100%}.gallery-spacing-custom .elementor-image-gallery .gallery-icon{padding:0}@media (min-width:768px){.elementor-image-gallery .gallery-columns-2 .gallery-item{max-width:50%}.elementor-image-gallery .gallery-columns-3 .gallery-item{max-width:33.33%}.elementor-image-gallery .gallery-columns-4 .gallery-item{max-width:25%}.elementor-image-gallery .gallery-columns-5 .gallery-item{max-width:20%}.elementor-image-gallery .gallery-columns-6 .gallery-item{max-width:16.666%}.elementor-image-gallery .gallery-columns-7 .gallery-item{max-width:14.28%}.elementor-image-gallery .gallery-columns-8 .gallery-item{max-width:12.5%}.elementor-image-gallery .gallery-columns-9 .gallery-item{max-width:11.11%}.elementor-image-gallery .gallery-columns-10 .gallery-item{max-width:10%}}@media (min-width:480px) and (max-width:767px){.elementor-image-gallery .gallery.gallery-columns-2 .gallery-item,.elementor-image-gallery .gallery.gallery-columns-3 .gallery-item,.elementor-image-gallery .gallery.gallery-columns-4 .gallery-item,.elementor-image-gallery .gallery.gallery-columns-5 .gallery-item,.elementor-image-gallery .gallery.gallery-columns-6 .gallery-item,.elementor-image-gallery .gallery.gallery-columns-7 .gallery-item,.elementor-image-gallery .gallery.gallery-columns-8 .gallery-item,.elementor-image-gallery .gallery.gallery-columns-9 .gallery-item,.elementor-image-gallery .gallery.gallery-columns-10 .gallery-item{max-width:50%}}@media (max-width:479px){.elementor-image-gallery .gallery.gallery-columns-2 .gallery-item,.elementor-image-gallery .gallery.gallery-columns-3 .gallery-item,.elementor-image-gallery .gallery.gallery-columns-4 .gallery-item,.elementor-image-gallery .gallery.gallery-columns-5 .gallery-item,.elementor-image-gallery .gallery.gallery-columns-6 .gallery-item,.elementor-image-gallery .gallery.gallery-columns-7 .gallery-item,.elementor-image-gallery .gallery.gallery-columns-8 .gallery-item,.elementor-image-gallery .gallery.gallery-columns-9 .gallery-item,.elementor-image-gallery .gallery.gallery-columns-10 .gallery-item{max-width:100%}}<\/style>\t\t<div class=\"elementor-image-gallery\">\n\t\t\t\t\t<\/div>\n\t\t\t\t<\/div>\n\t\t\t\t<\/div>\n\t\t\t\t\t<\/div>\n\t\t<\/div>\n\t\t\t\t\t\t\t<\/div>\n\t\t<\/section>\n\t\t\t\t\t\t<\/div>\n\t\t\t\t\t<\/div>\n\t\t","protected":false},"excerpt":{"rendered":"<p>pulvinar dapibus leo. L\u00e1nyk\u00e9r\u00e9s portf\u00f3li\u00f3nk Lorem ipsum dolor sit amet, consectetur adipiscing elit. Ut elit tellus, luctus nec.Lorem ipsum dolor sit amet, consectetur adipiscing elit. Ut elit tellus, luctus nec.Lorem ipsum dolor sit amet, consectetur adipiscing elit. Ut elit tellus, luctus nec.Lorem ipsum dolor sit amet, consectetur adipiscing elit. Ut elit tellus, luctus nec.Lorem ipsum &hellip;<\/p>\n<p class=\"read-more\"> <a class=\"\" href=\"https:\/\/momentswedding.hu\/index.php\/lanykeres\/\"> <span class=\"screen-reader-text\">L\u00e1nyk\u00e9r\u00e9s<\/span> Read More &raquo;<\/a><\/p>\n","protected":false},"author":1,"featured_media":0,"parent":0,"menu_order":0,"comment_status":"closed","ping_status":"closed","template":"","meta":{"site-sidebar-layout":"no-sidebar","site-content-layout":"page-builder","ast-main-header-display":"","ast-hfb-above-header-display":"","ast-hfb-below-header-display":"","ast-hfb-mobile-header-display":"","site-post-title":"disabled","ast-breadcrumbs-content":"","ast-featured-img":"disabled","footer-sml-layout":"","theme-transparent-header-meta":"default","adv-header-id-meta":"","stick-header-meta":"","header-above-stick-meta":"","header-main-stick-meta":"","header-below-stick-meta":""},"yoast_head":"<!-- This site is optimized with the Yoast SEO plugin v21.1 - https:\/\/yoast.com\/wordpress\/plugins\/seo\/ -->\n<title>L\u00e1nyk\u00e9r\u00e9s - \u00c9let\u00fcnk Pillanatai<\/title>\n<meta name=\"robots\" content=\"index, follow, max-snippet:-1, max-image-preview:large, max-video-preview:-1\" \/>\n<link rel=\"canonical\" href=\"https:\/\/momentswedding.hu\/index.php\/lanykeres\/\" \/>\n<meta property=\"og:locale\" content=\"hu_HU\" \/>\n<meta property=\"og:type\" content=\"article\" \/>\n<meta property=\"og:title\" content=\"L\u00e1nyk\u00e9r\u00e9s - \u00c9let\u00fcnk Pillanatai\" \/>\n<meta property=\"og:description\" content=\"pulvinar dapibus leo. L\u00e1nyk\u00e9r\u00e9s portf\u00f3li\u00f3nk Lorem ipsum dolor sit amet, consectetur adipiscing elit. Ut elit tellus, luctus nec.Lorem ipsum dolor sit amet, consectetur adipiscing elit. Ut elit tellus, luctus nec.Lorem ipsum dolor sit amet, consectetur adipiscing elit. Ut elit tellus, luctus nec.Lorem ipsum dolor sit amet, consectetur adipiscing elit. Ut elit tellus, luctus nec.Lorem ipsum &hellip; L\u00e1nyk\u00e9r\u00e9s Read More &raquo;\" \/>\n<meta property=\"og:url\" content=\"https:\/\/momentswedding.hu\/index.php\/lanykeres\/\" \/>\n<meta property=\"og:site_name\" content=\"\u00c9let\u00fcnk Pillanatai\" \/>\n<meta property=\"article:modified_time\" content=\"2021-09-07T11:07:12+00:00\" \/>\n<meta property=\"og:image\" content=\"http:\/\/momentswedding.hu\/wp-content\/uploads\/2021\/09\/pp01.jpg\" \/>\n<meta name=\"twitter:card\" content=\"summary_large_image\" \/>\n<script type=\"application\/ld+json\" class=\"yoast-schema-graph\">{\"@context\":\"https:\/\/schema.org\",\"@graph\":[{\"@type\":\"WebPage\",\"@id\":\"https:\/\/momentswedding.hu\/index.php\/lanykeres\/\",\"url\":\"https:\/\/momentswedding.hu\/index.php\/lanykeres\/\",\"name\":\"L\u00e1nyk\u00e9r\u00e9s - \u00c9let\u00fcnk Pillanatai\",\"isPartOf\":{\"@id\":\"https:\/\/momentswedding.hu\/#website\"},\"datePublished\":\"2021-09-03T05:35:24+00:00\",\"dateModified\":\"2021-09-07T11:07:12+00:00\",\"breadcrumb\":{\"@id\":\"https:\/\/momentswedding.hu\/index.php\/lanykeres\/#breadcrumb\"},\"inLanguage\":\"hu\",\"potentialAction\":[{\"@type\":\"ReadAction\",\"target\":[\"https:\/\/momentswedding.hu\/index.php\/lanykeres\/\"]}]},{\"@type\":\"BreadcrumbList\",\"@id\":\"https:\/\/momentswedding.hu\/index.php\/lanykeres\/#breadcrumb\",\"itemListElement\":[{\"@type\":\"ListItem\",\"position\":1,\"name\":\"Kezd\u0151lap\",\"item\":\"https:\/\/momentswedding.hu\/\"},{\"@type\":\"ListItem\",\"position\":2,\"name\":\"L\u00e1nyk\u00e9r\u00e9s\"}]},{\"@type\":\"WebSite\",\"@id\":\"https:\/\/momentswedding.hu\/#website\",\"url\":\"https:\/\/momentswedding.hu\/\",\"name\":\"\u00c9let\u00fcnk Pillanatai\",\"description\":\"Meg\u00f6r\u00f6k\u00edtj\u00fck \u00e9leted megism\u00e9telhetetlen esem\u00e9nyeit\",\"publisher\":{\"@id\":\"https:\/\/momentswedding.hu\/#organization\"},\"potentialAction\":[{\"@type\":\"SearchAction\",\"target\":{\"@type\":\"EntryPoint\",\"urlTemplate\":\"https:\/\/momentswedding.hu\/?s={search_term_string}\"},\"query-input\":\"required name=search_term_string\"}],\"inLanguage\":\"hu\"},{\"@type\":\"Organization\",\"@id\":\"https:\/\/momentswedding.hu\/#organization\",\"name\":\"Socialens Moments\",\"url\":\"https:\/\/momentswedding.hu\/\",\"logo\":{\"@type\":\"ImageObject\",\"inLanguage\":\"hu\",\"@id\":\"https:\/\/momentswedding.hu\/#\/schema\/logo\/image\/\",\"url\":\"http:\/\/momentswedding.hu\/wp-content\/uploads\/2021\/12\/final2-01.png\",\"contentUrl\":\"http:\/\/momentswedding.hu\/wp-content\/uploads\/2021\/12\/final2-01.png\",\"width\":1952,\"height\":665,\"caption\":\"Socialens Moments\"},\"image\":{\"@id\":\"https:\/\/momentswedding.hu\/#\/schema\/logo\/image\/\"},\"sameAs\":[\"https:\/\/www.youtube.com\/channel\/UCdDniXcVGs2_YMP5EzGmPrw\"]}]}<\/script>\n<!-- \/ Yoast SEO plugin. -->","yoast_head_json":{"title":"L\u00e1nyk\u00e9r\u00e9s - \u00c9let\u00fcnk Pillanatai","robots":{"index":"index","follow":"follow","max-snippet":"max-snippet:-1","max-image-preview":"max-image-preview:large","max-video-preview":"max-video-preview:-1"},"canonical":"https:\/\/momentswedding.hu\/index.php\/lanykeres\/","og_locale":"hu_HU","og_type":"article","og_title":"L\u00e1nyk\u00e9r\u00e9s - \u00c9let\u00fcnk Pillanatai","og_description":"pulvinar dapibus leo. L\u00e1nyk\u00e9r\u00e9s portf\u00f3li\u00f3nk Lorem ipsum dolor sit amet, consectetur adipiscing elit. Ut elit tellus, luctus nec.Lorem ipsum dolor sit amet, consectetur adipiscing elit. Ut elit tellus, luctus nec.Lorem ipsum dolor sit amet, consectetur adipiscing elit. Ut elit tellus, luctus nec.Lorem ipsum dolor sit amet, consectetur adipiscing elit. Ut elit tellus, luctus nec.Lorem ipsum &hellip; L\u00e1nyk\u00e9r\u00e9s Read More &raquo;","og_url":"https:\/\/momentswedding.hu\/index.php\/lanykeres\/","og_site_name":"\u00c9let\u00fcnk Pillanatai","article_modified_time":"2021-09-07T11:07:12+00:00","og_image":[{"url":"http:\/\/momentswedding.hu\/wp-content\/uploads\/2021\/09\/pp01.jpg"}],"twitter_card":"summary_large_image","schema":{"@context":"https:\/\/schema.org","@graph":[{"@type":"WebPage","@id":"https:\/\/momentswedding.hu\/index.php\/lanykeres\/","url":"https:\/\/momentswedding.hu\/index.php\/lanykeres\/","name":"L\u00e1nyk\u00e9r\u00e9s - \u00c9let\u00fcnk Pillanatai","isPartOf":{"@id":"https:\/\/momentswedding.hu\/#website"},"datePublished":"2021-09-03T05:35:24+00:00","dateModified":"2021-09-07T11:07:12+00:00","breadcrumb":{"@id":"https:\/\/momentswedding.hu\/index.php\/lanykeres\/#breadcrumb"},"inLanguage":"hu","potentialAction":[{"@type":"ReadAction","target":["https:\/\/momentswedding.hu\/index.php\/lanykeres\/"]}]},{"@type":"BreadcrumbList","@id":"https:\/\/momentswedding.hu\/index.php\/lanykeres\/#breadcrumb","itemListElement":[{"@type":"ListItem","position":1,"name":"Kezd\u0151lap","item":"https:\/\/momentswedding.hu\/"},{"@type":"ListItem","position":2,"name":"L\u00e1nyk\u00e9r\u00e9s"}]},{"@type":"WebSite","@id":"https:\/\/momentswedding.hu\/#website","url":"https:\/\/momentswedding.hu\/","name":"\u00c9let\u00fcnk Pillanatai","description":"Meg\u00f6r\u00f6k\u00edtj\u00fck \u00e9leted megism\u00e9telhetetlen esem\u00e9nyeit","publisher":{"@id":"https:\/\/momentswedding.hu\/#organization"},"potentialAction":[{"@type":"SearchAction","target":{"@type":"EntryPoint","urlTemplate":"https:\/\/momentswedding.hu\/?s={search_term_string}"},"query-input":"required name=search_term_string"}],"inLanguage":"hu"},{"@type":"Organization","@id":"https:\/\/momentswedding.hu\/#organization","name":"Socialens Moments","url":"https:\/\/momentswedding.hu\/","logo":{"@type":"ImageObject","inLanguage":"hu","@id":"https:\/\/momentswedding.hu\/#\/schema\/logo\/image\/","url":"http:\/\/momentswedding.hu\/wp-content\/uploads\/2021\/12\/final2-01.png","contentUrl":"http:\/\/momentswedding.hu\/wp-content\/uploads\/2021\/12\/final2-01.png","width":1952,"height":665,"caption":"Socialens Moments"},"image":{"@id":"https:\/\/momentswedding.hu\/#\/schema\/logo\/image\/"},"sameAs":["https:\/\/www.youtube.com\/channel\/UCdDniXcVGs2_YMP5EzGmPrw"]}]}},"_links":{"self":[{"href":"https:\/\/momentswedding.hu\/index.php\/wp-json\/wp\/v2\/pages\/56"}],"collection":[{"href":"https:\/\/momentswedding.hu\/index.php\/wp-json\/wp\/v2\/pages"}],"about":[{"href":"https:\/\/momentswedding.hu\/index.php\/wp-json\/wp\/v2\/types\/page"}],"author":[{"embeddable":true,"href":"https:\/\/momentswedding.hu\/index.php\/wp-json\/wp\/v2\/users\/1"}],"replies":[{"embeddable":true,"href":"https:\/\/momentswedding.hu\/index.php\/wp-json\/wp\/v2\/comments?post=56"}],"version-history":[{"count":25,"href":"https:\/\/momentswedding.hu\/index.php\/wp-json\/wp\/v2\/pages\/56\/revisions"}],"predecessor-version":[{"id":344,"href":"https:\/\/momentswedding.hu\/index.php\/wp-json\/wp\/v2\/pages\/56\/revisions\/344"}],"wp:attachment":[{"href":"https:\/\/momentswedding.hu\/index.php\/wp-json\/wp\/v2\/media?parent=56"}],"curies":[{"name":"wp","href":"https:\/\/api.w.org\/{rel}","templated":true}]}}